of 103373436?
3
What is the ten thousands digit of 325054262?
5
What is the tens digit of 34310764?
6
What is the ten thousands digit of 6389256?
8
What is the ten millions digit of 2990311269?
9
What is the tens digit of 271331258?
5
What is the tens digit of 54343570?
7
What is the units digit of 6274850224?
4
What is the millions digit of 2277399686?
7
What is the hundred millions digit of 4794048741?
7
What is the ten thousands digit of 11055286?
5
What is the hundreds digit of 536920596?
5
What is the millions digit of 144163499?
4
What is the millions digit of 125495543?
5
What is the hundred thousands digit of 2736691451?
6
What is the thousands digit of 1858408387?
8
What is the ten millions digit of 29819561?
2
What is the hundred millions digit of 456118651?
4
What is the ten thousands digit of 177503957?
0
What is the units digit of 677701137?
7
What is the hundreds digit of 1976542519?
5
What is the thousands digit of 2390854973?
4
What is the hundred millions digit of 190682448?
1
What is the units digit of 147455546?
6
What is the units digit of 116735387?
7
What is the millions digit of 262166237?
2
What is the tens digit of 3234135560?
6
What is the thousands digit of 79270790?
0
What is the tens digit of 14336206?
0
What is the ten thousands digit of 15847297?
4
What is the hundred millions digit of 374178857?
3
What is the thousands digit of 86829482?
9
What is the ten thousands digit of 6506045673?
4
What is the hundreds digit of 29644886?
8
What is the ten millions digit of 456493784?
5
What is the millions digit of 8131956?
8
What is the ten millions digit of 1091294428?
9
What is the ten millions digit of 209449166?
0
What is the thousands digit of 1215490?
5
What is the ten thousands digit of 55232381?
3
What is the hundred thousands digit of 32122769?
1
What is the thousands digit of 22927163?
7
What is the units digit of 9086851?
1
What is the hundred millions digit of 1267254213?
2
What is the ten millions digit of 1001153447?
0
What is the units digit of 522391662?
2
What is the ten thousands digit of 191254784?
5
What is the units digit of 32448485?
5
What is the ten thousands digit of 31966717?
6
What is the ten thousands digit of 201097840?
9
What is the tens digit of 46518593?
9
What is the units digit of 3721000326?
6
What is the ten millions digit of 38070025?
3
What is the ten thousands digit of 44785658?
8
What is the thousands digit of 22779717?
9
What is the thousands digit of 5394119?
4
What is the thousands digit of 183668681?
8
What is the thousands digit of 199968363?
8
What is the hundred millions digit of 437689088?
4
What is the millions digit of 37441479?
7
What is the millions digit of 63876470?
3
What is the hundreds digit of 2082213215?
2
What is the billions digit of 1543267474?
1
What is the ten thousands digit of 182645538?
4
What is the ten thousands digit of 319644161?
4
What is the thousands digit of 77298341?
8
What is the hundred millions digit of 1188120548?
1
What is the hundred thousands digit of 1821259211?
2
What is the ten thousands digit of 163867653?
6
What is the ten thousands digit of 856644292?
4
What is the thousands digit of 68201898?
1
What is the tens digit of 1842505992?
9
What is the hundred millions digit of 1313205776?
3
What is the hundreds digit of 597007646?
6
What is the millions digit of 345125989?
5
What is the hundreds digit of 12059552?
5
What is the hundreds digit of 292115274?
2
What is the thousands digit of 79584313?
4
What is the hundred thousands digit of 34607947?
6
What is the thousands digit of 2823338?
3
What is the units digit of 224572698?
8
What is the thousands digit of 186490387?
0
What is the millions digit of 1038801934?
8
What is the tens digit of 99091798?
9
What is the hundreds digit of 595253353?
3
What is the hundred thousands digit of 3679284622?
2
What is the hundred thousands digit of 3072819211?
8
What is the hundred thousands digit of 45548992?
5
What is the tens digit of 8373629?
2
What is the units digit of 37103079?
9
What is the hundreds digit of 499149995?
9
What is the hundreds digit of 403297667?
6
What is the hundreds digit of 121713849?
8
What is the millions digit of 321978769?
1
What is the ten thousands digit of 7521817973?
1
What is the tens digit of 758530332?
3
What is the ten millions digit of 295508678?
9
What is the hundreds digit of 384474731?
7
What is the hundred thousands digit of 86856539?
8
What is the millions digit of 1737131414?
7
What is the ten millions digit of 99659792?
9
What is the ten thousands digit of 36958703?
5
What is the thousands digit of 2038795364?
5
What is the hundred millions digit of 418260216?
4
What is the units digit of 207003004?
4
What is the millions digit of 69060922?
9
What is the units digit of 1601738?
8
What is the billions digit of 1289212760?
1
What is the hundred thousands digit of 68216379?
2
What is the ten thousands digit of 8916539?
1
What is the millions digit of 567121410?
7
What is the ten millions digit of 54348054?
5
What is the ten millions digit of 140498425?
4
What is the hundred thousands digit of 84542280?
5
What is the thousands digit of 67991884?
1
What is the millions digit of 52220039?
2
What is the millions digit of 50561238?
0
What is the thousands digit of 504686463?
6
What is the hundred thousands digit of 885879057?
8
What is the thousands digit of 1752194963?
4
What is the tens digit of 120162821?
2
What is the thousands digit of 3486844966?
4
What is the millions digit of 902382223?
2
What is the hundred thousands digit of 4211515?
2
What is the hundred millions digit of 378038346?
3
What is the hundred millions digit of 2533804580?
5
What is the units digit of 61696875?
5
What is the units digit of 37761369?
9
What is the units digit of 13968251?
1
What is the thousands digit of 6682746007?
6
What is the hundred thousands digit of 86346063?
3
What is the hundred millions digit of 856145105?
8
What is the hundred thousands digit of 6126312?
1
What is the ten millions digit of 2229117033?
2
What is the units digit of 1991708121?
1
What is the millions digit of 6142519066?
2
What is the ten thousands digit of 50369049?
6
What is the hundred millions digit of 3139627622?
1
What is the ten millions digit of 108643616?
0
What is the ten millions digit of 3311698875?
1
What is the units digit of 89378831?
1
What is the ten thousands digit of 553132616?
3
What is the units digit of 18973122?
2
What is the hundred millions digit of 2036067121?
0
What is the ten millions digit of 203317899?
0
What is the ten thousands digit of 45665881?
6
What is the billions digit of 1949474230?
1
What is the hundred thousands digit of 944970950?
9
What is the units digit of 3217434?
4
What is the tens digit of 850422204?
0
What is the hundred thousands digit of 301017946?
0
What is the millions digit of 21409882?
1
What is the millions digit of 444555792?
4
What is the thousands digit of 95523458?
3
What is the tens digit of 231191086?
8
What is the ten thousands digit of 196490965?
9
What is the hundred millions digit of 121909887?
1
What is the thousands digit of 4939579807?
9
What is the hundreds digit of 3684080851?
8
What is the ten thousands digit of 45035870?
3
What is the thousands digit of 344193343?
3
What is the hundred thousands digit of 38272169?
2
What is the hundred millions digit of 414669384?
4
What is the thousands digit of 86616127?
6
What is the ten millions digit of 40174441?
4
What is the ten millions digit of 3513194958?
1
What is the hundreds digit of 136081908?
9
What is the thousands digit of 215499259?
9
What is the millions digit of 347129915?
7
What is the ten millions digit of 47309596?
4
What is the units digit of 194222016?
6
What is the units digit of 1096532715?
5
What is the units digit of 519572144?
4
What is the units digit of 414635833?
3
What is the ten thousands digit of 502143865?
4
What is the hundreds digit of 53969494?
4
What is the hundreds digit of 157880072?
0
What is the units digit of 15240067?
7
What is the millions digit of 46145726?
6
What is the tens digit of 2002938241?
4
What is the ten millions digit of 7571023211?
7
What is the units digit of 55057995?
5
What is the ten millions digit of 10687887?
1
What is the un